 8941 = 3*f. Suppose 16*k = 3*k + f. What is the tens digit of k?
2
Let f(x) = -20*x. Let w be f(1). Let b = w + 4. Let u(o) = o**2 + 15*o + 18. What is the tens digit of u(b)?
3
Suppose 31*h = 40*h. Suppose -2*w - 4*d = -760, h*d = 3*w - 5*d - 1162. What is the tens digit of w?
8
Suppose 2*k - 2*x = 7 + 45, -109 = -5*k - 2*x. Let j = k + -15. What is the units digit of -166*(-4)/j - 0/(-1)?
3
Let i(c) = c**2 + 24*c + 132. Let a be i(-8). Suppose 2*m + 436 = 3*m + a*f, 1 = f. What is the hundreds digit of m?
4
Let r(x) = -2*x**3 - 19*x**2 + x + 4. Let w(k) = -k**3 + k - 1. Let n(u) = r(u) - w(u). Let y be n(-19). Suppose -y*j + 294 = 54. What is the tens digit of j?
4
Let u = -79277 - -112175. What is the hundreds digit of u?
8
Suppose -90*h = -91*h - 4*q + 20, -2*h + 24 = 4*q. Suppose h*x + l - 3985 = 0, 0 = -2*x - 30*l + 31*l + 1991. What is the hundreds digit of x?
9
What is the hundreds digit of (9/((-180)/1819040))/(-8)?
3
Let n(g) = 469*g + 182. Let h be n(-8). What is the units digit of (7 - (-46)/(-6))/(4/h)?
5
Suppose -10*b = -32 - 8. Suppose -12 = b*i + 2*i. Let m(y) = -2*y**3 - 3*y**2 - 2*y - 4. What is the units digit of m(i)?
4
Suppose -5*s + 2*w - 158 = 0, w + 91 + 25 = -4*s. Let n = s + 32. Suppose -331 = -n*m - 3*i, 6*m - 2*m - 657 = -5*i. What is the hundreds digit of m?
1
Suppose -5 = 5*t, -6*m + 4*m + 5*t = -9. Suppose -4*s = -3*s + m*j - 435, 0 = 4*s + j - 1712. What is the tens digit of s?
2
What is the thousands digit of ((-330)/50)/(-1)*2/3*17035?
4
Let k(a) = 30*a**2 - a - 1. Let v be k(-3). Let n be (-57)/(-627) - (-1187)/11. Suppose -n = -2*g + v. What is the hundreds digit of g?
1
What is the thousands digit of (3544020/(-1350))/(3/((-45)/2))?
9
Suppose -15 = 3*w, 41*c - 2*w = 45*c - 3438. What is the units digit of c?
2
Suppose 2*l - 5*j + 29 = 0, 0 = -5*l + 4*j - 3*j - 15. Let b be (78/28 - l/(-7))*2. Suppose b*s - 153 = -43. What is the units digit of s?
2
Let k(x) = 24*x**2 - 29*x - 1. What is the thousands digit of k(8)?
1
Let w(z) = 9*z**2 + 68*z - 338. What is the tens digit of w(5)?
2
Let f(m) = m**3 - m**2 - 3*m - 3. Let o be f(-1). Let i be (-11 - 1)/6*(-143)/o. Let l = -59 - i. What is the tens digit of l?
8
Let o(b) be the first derivative of 7*b**3/6 + 6*b**2 - 7*b + 17. Let d(t) be the first derivative of o(t). What is the hundreds digit of d(21)?
1
Let y(k) be the first derivative of 0*k + 101/3*k**3 + 6 + 1/2*k**2. What is the tens digit of y(-1)?
0
Suppose r = 17*q - 20*q + 236, 4*r = -4*q + 304. What is the hundreds digit of ((-10)/(q/(-964)))/((-3)/(-30))?
2
Let r(p) = 131*p**2 - 80*p + 189. What is the tens digit of r(-13)?
6
Suppose -153746 = -10*w - 62869 + 67853. What is the ten thousands digit of w?
1
Let y(w) = -85*w - 12. Let g(b) = -2*b**2 - 10*b - 4. Let z be g(-5). Let r be y(z). Let u = r - 192. What is the hundreds digit of u?
1
Suppose -5*f - h = -175381, -f - 2*h + 12129 = -22940. What is the thousands digit of f?
5
Let i be (-1 - -1839) + (0 - 1) + 0. Let u = i - 1159. What is the tens digit of u?
7
Let v(a) be the third derivative of 103*a**4/24 - 15*a**3/2 - 31*a**2 + 2. What is the hundreds digit of v(4)?
3
Let m(d) = -37*d + 3. Let f be m(0). Suppose f*n - 5621 + 1700 = 0. What is the hundreds digit of n?
3
Let j(a) = a**2 - 12*a - 29. Let b be j(14). Let v be b*529*(-2 + 1). Suppose 5*o - 1094 = 3*d, 4*o = -3*d + 330 + v. What is the tens digit of o?
1
Suppose -166 = 5*i - 216. Suppose -i*f + 5*f = -475. What is the tens digit of f?
9
Let h(f) = f + 7. Let p = -45 - -40. Let n be h(p). Suppose d + 3*j - 129 = 4*j, j = n*d - 260. What is the units digit of d?
1
Let p be 69*(-5 + 6)*1/3. Let j(v) = 8*v - 136. What is the tens digit of j(p)?
4
Suppose 4*c = -0*c, -3*z + 21*c - 16*c = -1641. What is the tens digit of z?
4
Let k be -216*(-14510)/220 - 4/22. What is the hundreds digit of k/14 + (-8)/14*1?
0
Let i = 7522 - -1002. What is the tens digit of i?
2
Suppose 7*y - 8*y = -2*j - 4836, 0 = 2*y - 3*j - 9670. What is the tens digit of y?
3
Let v be (4/(-1))/(-4)*-3. Let t = 13 - v. Suppose -3*u + 115 = t. What is the units digit of u?
3
Let w be 22/10 + (-10)/50. Suppose -w*l - 8*l + 180 = 0. Suppose 10*q - 4*q - l = 0. What is the units digit of q?
3
Let u = 48202 + -31971. What is the tens digit of u?
3
Let h = 36 + -36. Let y be h*((-5)/(-2))/5. Suppose y = -2*w + 3*p - 85 + 248, -2*p - 79 = -w. What is the units digit of w?
9
Let r be 36*-1*(14/(-2) - -8). Let p be 1/(-3)*r/6. What is the tens digit of (p*(-4)/5)/(5/(-450))?
4
Suppose 141*k - 1052635 = 356454 + 1354088. What is the thousands digit of k?
9
Let x = -3606 + 8184. What is the thousands digit of x?
4
Let d(m) = 15*m - m + 4*m**2 - 50 - 40. What is the tens digit of d(-14)?
9
What is the tens digit of (225/((-2)/2))/((560/192)/(-35))?
0
Let q = -4989 + 7611. What is the hundreds digit of q?
6
What is the ten thousands digit of (6/12)/(14/505932) - 1?
1
Let q(o) = 12*o - 165. Let i be q(14). Suppose 2*g + d - 507 - 377 = 0, -2*g - i*d = -880. What is the tens digit of g?
4
Let o = -294 + 152. Let g = o - -310. What is the hundreds digit of g?
1
Let u = -2265 + 5448. Suppose -1569 = -9*n + u. What is the units digit of n?
8
Suppose -5*v + 2*p = -28 - 263, -4*v + 226 = -5*p. Suppose -61*k = -v*k - 758. What is the tens digit of k?
7
Suppose -1 - 3 = -2*x. Let a(n) = -27 + 8*n + 8 - n - 9 + n**x. What is the tens digit of a(-13)?
5
Suppose -5*y + 10 = 0, -7*p + 3240 = -5*p - 4*y. Let q = -899 + p. What is the tens digit of q?
2
Let k(w) = w**3 + 7*w**2 + 3*w - 13. Let i be k(-6). Suppose 6*z - 2*z = 2*c - 326, 5*z = i. Suppose 4*s = 239 + c. What is the hundreds digit of s?
1
Suppose 5*k = s + 25164, -33*k + 5020 = -32*k + 3*s. What is the hundreds digit of k?
0
Suppose -9*t - 3224 = -13*t. Suppose t - 13555 = -19*d. What is the units digit of d?
1
Let l = 8 - 7. Let v be l/4 + (5 - (-25)/(-20)). Suppose -c - v = -2, 2*b - 5*c = 294. What is the units digit of b?
2
Let x(w) = -6*w - 2. Let u be x(-3). Suppose -56 = 4*n - 9*n + 2*v, -n = -2*v - u. What is the hundreds digit of ((-5)/30*n)/(1/(-66))?
1
What is the thousands digit of -4 + -17 - -18 - 42004/(-2)?
0
Let y = -48061 - -100276. What is the thousands digit of y?
2
Suppose -369*d - 28313 = -372*d - n, -28305 = -3*d - 3*n. What is the units digit of d?
9
Let n = -4448 - -9735. What is the units digit of n?
7
Let z = -1898 + 10086. What is the units digit of z?
8
Suppose 39*h - 34*h + 3*v - 135878 = 0, v = 2*h - 54360. What is the ten thousands digit of h?
2
Let g be (496/48)/(2/(-6)). What is the tens digit of 15/6*g*-2 + -3?
5
Let c(t) = -16*t + 42. Let o(u) = 3*u - 8. Let i(l) = -2*c(l) - 11*o(l). Let y = -25 + 20. What is the units digit of i(y)?
9
Let z = -2 + 8. Let o = -96 - z. Let y = o + 160. What is the tens digit of y?
5
Suppose 4*x = -5*z + 10, -2*z - z + 6 = 2*x. Suppose k = -z*k - 3. What is the units digit of (2 - 1) + (k - (-172)/4)?
3
Let x = 84 - 85. Let c(d) = -8*d + 9. Let q be c(x). Suppose -i = -42 - q. What is the units digit of i?
9
Let m(y) = -38*y - 27. Suppose -424 + 49 = 25*l. What is the tens digit of m(l)?
4
Suppose -12000 = -21*y + 16*y. Suppose 5*k = m + y, m = 4*k - 2002 + 83. What is the tens digit of k?
8
Suppose -240*d + 222*d + 507510 = 0. Suppose 12*s = -9895 + d. What is the tens digit of s?
2
Let a(c) = 3*c**3 + 2*c**2 + 2*c + 1. Let p be a(-1). Let o be (0 + p + 1)*(0 + 0). Suppose -738 = -7*v + 3*v - 2*k, o = -k + 1. What is the tens digit of v?
8
Let j(s) = 1030*s**2 + 5*s - 2. What is the hundreds digit of j(-2)?
1
Suppose 6*s + 402 = -1650. Let l = -177 - s. What is the hundreds digit of l?
1
Suppose 0 = -657*b + 573*b + 162960. What is the units digit of b?
0
Let z(u) = -u**3 - 15*u**2 - 13*u + 12. Let r be z(-14). Let k be (88/(-12) - r)*3. Let o(g) = g**3 + 16*g**2 - 2*g - 21. What is the units digit of o(k)?
1
Let z be -8*5/(-50)*5. Suppose c + 24 = 2*l + 167, -z*c + 542 = 2*l. What is the units digit of c?
7
Let v = -16 - -30. Suppose -36 = -2*b - v. Suppose -3*q + b*q = 840. What is the hundreds digit of q?
1
Suppose 0 = -z - 2*w - 14, -w - 3*w = 5*z + 46. Let m(j) = -4*j - 25. Let u be m(z). What is the units digit of 2/(81/79 + u)?
9
Suppose 194 = -2*g + 864. Suppose 4*r = -3*b + g, 3*b - 3*r - 481 = -118. W